{"id":782,"date":"2023-07-12T17:05:27","date_gmt":"2023-07-12T20:05:27","guid":{"rendered":"https:\/\/atmdourados.com.br\/?page_id=782"},"modified":"2023-07-12T17:11:37","modified_gmt":"2023-07-12T20:11:37","slug":"elementor-782","status":"publish","type":"page","link":"https:\/\/atmdourados.com.br\/?page_id=782","title":{"rendered":"Elementor #782"},"content":{"rendered":"\t\t<div data-elementor-type=\"wp-page\" data-elementor-id=\"782\" class=\"elementor elementor-782\">\n\t\t\t\t\t\t\t\t\t<section class=\"elementor-section elementor-top-section elementor-element elementor-element-e47227e elementor-section-boxed elementor-section-height-default elementor-section-height-default\" data-id=\"e47227e\" data-element_type=\"section\">\n\t\t\t\t\t\t<div class=\"elementor-container elementor-column-gap-default\">\n\t\t\t\t\t<div class=\"elementor-column elementor-col-100 elementor-top-column elementor-element elementor-element-4cb0a9c\" data-id=\"4cb0a9c\" data-element_type=\"column\">\n\t\t\t<div class=\"elementor-widget-wrap elementor-element-populated\">\n\t\t\t\t\t\t\t\t<div class=\"elementor-element elementor-element-0c1ac53 elementor-widget elementor-widget-heading\" data-id=\"0c1ac53\" data-element_type=\"widget\" data-widget_type=\"heading.default\">\n\t\t\t\t<div class=\"elementor-widget-container\">\n\t\t\t<style>\/*! elementor - v3.13.3 - 28-05-2023 *\/\n.elementor-heading-title{padding:0;margin:0;line-height:1}.elementor-widget-heading .elementor-heading-title[class*=elementor-size-]>a{color:inherit;font-size:inherit;line-height:inherit}.elementor-widget-heading .elementor-heading-title.elementor-size-small{font-size:15px}.elementor-widget-heading .elementor-heading-title.elementor-size-medium{font-size:19px}.elementor-widget-heading .elementor-heading-title.elementor-size-large{font-size:29px}.elementor-widget-heading .elementor-heading-title.elementor-size-xl{font-size:39px}.elementor-widget-heading .elementor-heading-title.elementor-size-xxl{font-size:59px}<\/style><h2 class=\"elementor-heading-title elementor-size-default\">Dr. Caio Guimar\u00e3es<\/h2>\t\t<\/div>\n\t\t\t\t<\/div>\n\t\t\t\t\t<\/div>\n\t\t<\/div>\n\t\t\t\t\t\t\t<\/div>\n\t\t<\/section>\n\t\t\t\t<section class=\"elementor-section elementor-top-section elementor-element elementor-element-1852eaa elementor-section-boxed elementor-section-height-default elementor-section-height-default\" data-id=\"1852eaa\" data-element_type=\"section\">\n\t\t\t\t\t\t<div class=\"elementor-container elementor-column-gap-default\">\n\t\t\t\t\t<div class=\"elementor-column elementor-col-50 elementor-top-column elementor-element elementor-element-41ced9e\" data-id=\"41ced9e\" data-element_type=\"column\">\n\t\t\t<div class=\"elementor-widget-wrap elementor-element-populated\">\n\t\t\t\t\t\t\t\t<div class=\"elementor-element elementor-element-2d1f906 elementor-widget elementor-widget-image\" data-id=\"2d1f906\" data-element_type=\"widget\" data-widget_type=\"image.default\">\n\t\t\t\t<div class=\"elementor-widget-container\">\n\t\t\t<style>\/*! elementor - v3.13.3 - 28-05-2023 *\/\n.elementor-widget-image{text-align:center}.elementor-widget-image a{display:inline-block}.elementor-widget-image a img[src$=\".svg\"]{width:48px}.elementor-widget-image img{vertical-align:middle;display:inline-block}<\/style>\t\t\t\t\t\t\t\t\t\t\t\t<img decoding=\"async\" width=\"1024\" height=\"683\" src=\"https:\/\/atmdourados.com.br\/wp-content\/uploads\/2023\/06\/Caio_1-e1686694146431-1024x683.jpeg\" class=\"attachment-large size-large wp-image-636\" alt=\"Dr Caio Guimaraes DTM e Dor Orofacial\" loading=\"lazy\" srcset=\"https:\/\/atmdourados.com.br\/wp-content\/uploads\/2023\/06\/Caio_1-e1686694146431-1024x683.jpeg 1024w, https:\/\/atmdourados.com.br\/wp-content\/uploads\/2023\/06\/Caio_1-e1686694146431-300x200.jpeg 300w, https:\/\/atmdourados.com.br\/wp-content\/uploads\/2023\/06\/Caio_1-e1686694146431-768x512.jpeg 768w, https:\/\/atmdourados.com.br\/wp-content\/uploads\/2023\/06\/Caio_1-e1686694146431.jpeg 1200w\" sizes=\"(max-width: 1024px) 100vw, 1024px\" \/>\t\t\t\t\t\t\t\t\t\t\t\t\t\t\t<\/div>\n\t\t\t\t<\/div>\n\t\t\t\t\t<\/div>\n\t\t<\/div>\n\t\t\t\t<div class=\"elementor-column elementor-col-50 elementor-top-column elementor-element elementor-element-4b7aad2\" data-id=\"4b7aad2\" data-element_type=\"column\">\n\t\t\t<div class=\"elementor-widget-wrap elementor-element-populated\">\n\t\t\t\t\t\t\t\t<div class=\"elementor-element elementor-element-55a1805 elementor-widget elementor-widget-text-editor\" data-id=\"55a1805\" data-element_type=\"widget\" data-widget_type=\"text-editor.default\">\n\t\t\t\t<div class=\"elementor-widget-container\">\n\t\t\t<style>\/*! elementor - v3.13.3 - 28-05-2023 *\/\n.elementor-widget-text-editor.elementor-drop-cap-view-stacked .elementor-drop-cap{background-color:#69727d;color:#fff}.elementor-widget-text-editor.elementor-drop-cap-view-framed .elementor-drop-cap{color:#69727d;border:3px solid;background-color:transparent}.elementor-widget-text-editor:not(.elementor-drop-cap-view-default) .elementor-drop-cap{margin-top:8px}.elementor-widget-text-editor:not(.elementor-drop-cap-view-default) .elementor-drop-cap-letter{width:1em;height:1em}.elementor-widget-text-editor .elementor-drop-cap{float:left;text-align:center;line-height:1;font-size:50px}.elementor-widget-text-editor .elementor-drop-cap-letter{display:inline-block}<\/style>\t\t\t\t<p>Doutorado em Cl\u00ednicas odontol\u00f3gicas com \u00eanfase em Dor (Centro de pesquisa Sl. Mandic &#8211; Campinas &#8211; SP).<\/p><p>Mestrado em DTM e Dor Orofacial (Centro de pesquisa Sl. Mandic &#8211; Campinas &#8211; SP).<\/p><p>Especialista em DTM e Dor Orofacial (Centro de pesquisa Sl. Mandic &#8211; Campinas &#8211; SP).<\/p><p>Especialista em Ortodontia (UNICSUL &#8211; Dourados &#8211; MS).<\/p><p>Conhe\u00e7a os trabalhos publicados e a vida acad\u00eamica clicando no bot\u00e3o do Curr\u00edculo Lattes.\u00a0\u00a0<\/p>\t\t\t\t\t\t<\/div>\n\t\t\t\t<\/div>\n\t\t\t\t\t<\/div>\n\t\t<\/div>\n\t\t\t\t\t\t\t<\/div>\n\t\t<\/section>\n\t\t\t\t<section class=\"elementor-section elementor-top-section elementor-element elementor-element-f4222f6 elementor-section-boxed elementor-section-height-default elementor-section-height-default\" data-id=\"f4222f6\" data-element_type=\"section\">\n\t\t\t\t\t\t<div class=\"elementor-container elementor-column-gap-default\">\n\t\t\t\t\t<div class=\"elementor-column elementor-col-100 elementor-top-column elementor-element elementor-element-44fd60d\" data-id=\"44fd60d\" data-element_type=\"column\">\n\t\t\t<div class=\"elementor-widget-wrap elementor-element-populated\">\n\t\t\t\t\t\t\t\t<div class=\"elementor-element elementor-element-0a7c4e2 elementor-align-center elementor-widget elementor-widget-button\" data-id=\"0a7c4e2\" data-element_type=\"widget\" data-widget_type=\"button.default\">\n\t\t\t\t<div class=\"elementor-widget-container\">\n\t\t\t\t\t<div class=\"elementor-button-wrapper\">\n\t\t\t<a href=\"https:\/\/buscatextual.cnpq.br\/buscatextual\/visualizacv.do?id=K4307046U0&#038;tokenCaptchar=03AAYGu2Tju9drKpeIkcPqUN2J0T81qwro3E4bQZ3_XYvQ3RIriX2kIVBTF0YdvIRG4I-I8c2NDJ132auavDqntjrWGkc4CxYAFKDRp0trax9fBqeyZbZN44JWIN2npsSz1PmCS0yfTjt9L5_6VKD9Q_B_mWoOwOscKkVH-LHyW9jkzEqUemgQBpC65v-WIXcVaPuWDGtJGWXqRZ7MWVvdqr8JqGeJLi5uOBrhGBZdgOK8yxQH4T-qyFT48I6lpBu1V3RHMTHRPXoU1AU4r8rZ8ihBxyklNbk6W-H1tPGe_gTZZjqd7u87THXHyp8M9WNWEVUq1lYLrpFLqK_vCm9B-Mhv5fOAjAm3RMkCJ_csyNPHLvX8aw-X9Nxtl1XZe1B9IjCbio4aAiCA_99R-Ib9xY_mgDzRiyDZ9Noqi8_2fwdmkdS5LxGRQ5Ky_bdwmzW4kLp_77ffUi7gkuqARL3hTd2W68mJnTNIkQez89qYMDVPoOenD71xfbvZaKof6gErlJ0UL1-fG_iJO-oOIkRmp0c0LiPK-fVEHuS6r8ivEFoi8oEXRCIqljLSabFawdzBHhfULm_7M7B-wfcmdDGrOAmh4Ikss8KrCcRy_iITxEztCYHa6hCjd2R_Sl6lYOob7iuiaB98qgos\" class=\"elementor-button-link elementor-button elementor-size-sm\" role=\"button\">\n\t\t\t\t\t\t<span class=\"elementor-button-content-wrapper\">\n\t\t\t\t\t\t<span class=\"elementor-button-text\">Curr\u00edculo Lattes<\/span>\n\t\t<\/span>\n\t\t\t\t\t<\/a>\n\t\t<\/div>\n\t\t\t\t<\/div>\n\t\t\t\t<\/div>\n\t\t\t\t\t<\/div>\n\t\t<\/div>\n\t\t\t\t\t\t\t<\/div>\n\t\t<\/section>\n\t\t\t\t\t\t\t<\/div>\n\t\t","protected":false},"excerpt":{"rendered":"<p>Dr. Caio Guimar\u00e3es Doutorado em Cl\u00ednicas odontol\u00f3gicas com \u00eanfase em Dor (Centro de pesquisa Sl. Mandic &#8211; Campinas &#8211; SP). Mestrado em DTM e Dor Orofacial (Centro de pesquisa Sl. Mandic &#8211; Campinas &#8211; SP). Especialista em DTM e Dor Orofacial (Centro de pesquisa Sl. Mandic &#8211; Campinas &#8211; SP). Especialista em Ortodontia (UNICSUL &#8211; &hellip;<\/p>\n<p class=\"read-more\"> <a class=\"\" href=\"https:\/\/atmdourados.com.br\/?page_id=782\"> <span class=\"screen-reader-text\">Elementor #782<\/span> Read More &raquo;<\/a><\/p>\n","protected":false},"author":2,"featured_media":0,"parent":0,"menu_order":0,"comment_status":"closed","ping_status":"closed","template":"","meta":{"site-sidebar-layout":"no-sidebar","site-content-layout":"page-builder","ast-global-header-display":"","ast-banner-title-visibility":"","ast-main-header-display":"","ast-hfb-above-header-display":"","ast-hfb-below-header-display":"","ast-hfb-mobile-header-display":"","site-post-title":"disabled","ast-breadcrumbs-content":"","ast-featured-img":"disabled","footer-sml-layout":"","theme-transparent-header-meta":"","adv-header-id-meta":"","stick-header-meta":"","header-above-stick-meta":"","header-main-stick-meta":"","header-below-stick-meta":""},"_links":{"self":[{"href":"https:\/\/atmdourados.com.br\/index.php?rest_route=\/wp\/v2\/pages\/782"}],"collection":[{"href":"https:\/\/atmdourados.com.br\/index.php?rest_route=\/wp\/v2\/pages"}],"about":[{"href":"https:\/\/atmdourados.com.br\/index.php?rest_route=\/wp\/v2\/types\/page"}],"author":[{"embeddable":true,"href":"https:\/\/atmdourados.com.br\/index.php?rest_route=\/wp\/v2\/users\/2"}],"replies":[{"embeddable":true,"href":"https:\/\/atmdourados.com.br\/index.php?rest_route=%2Fwp%2Fv2%2Fcomments&post=782"}],"version-history":[{"count":4,"href":"https:\/\/atmdourados.com.br\/index.php?rest_route=\/wp\/v2\/pages\/782\/revisions"}],"predecessor-version":[{"id":786,"href":"https:\/\/atmdourados.com.br\/index.php?rest_route=\/wp\/v2\/pages\/782\/revisions\/786"}],"wp:attachment":[{"href":"https:\/\/atmdourados.com.br\/index.php?rest_route=%2Fwp%2Fv2%2Fmedia&parent=782"}],"curies":[{"name":"wp","href":"https:\/\/api.w.org\/{rel}","templated":true}]}}