{"id":701,"date":"2023-06-28T12:53:27","date_gmt":"2023-06-28T15:53:27","guid":{"rendered":"https:\/\/atmdourados.com.br\/?page_id=701"},"modified":"2023-07-13T15:40:13","modified_gmt":"2023-07-13T18:40:13","slug":"questinario-de-dor-2","status":"publish","type":"page","link":"https:\/\/atmdourados.com.br\/?page_id=701","title":{"rendered":"Questinario de dor"},"content":{"rendered":"\t\t<div data-elementor-type=\"wp-page\" data-elementor-id=\"701\" class=\"elementor elementor-701\">\n\t\t\t\t\t\t\t\t\t<section class=\"elementor-section elementor-top-section elementor-element elementor-element-a28a119 elementor-section-boxed elementor-section-height-default elementor-section-height-default\" data-id=\"a28a119\" data-element_type=\"section\">\n\t\t\t\t\t\t<div class=\"elementor-container elementor-column-gap-default\">\n\t\t\t\t\t<div class=\"elementor-column elementor-col-100 elementor-top-column elementor-element elementor-element-a877434\" data-id=\"a877434\" data-element_type=\"column\">\n\t\t\t<div class=\"elementor-widget-wrap elementor-element-populated\">\n\t\t\t\t\t\t\t\t<div class=\"elementor-element elementor-element-b3e7c76 elementor-widget elementor-widget-heading\" data-id=\"b3e7c76\" data-element_type=\"widget\" data-widget_type=\"heading.default\">\n\t\t\t\t<div class=\"elementor-widget-container\">\n\t\t\t<style>\/*! elementor - v3.13.3 - 28-05-2023 *\/\n.elementor-heading-title{padding:0;margin:0;line-height:1}.elementor-widget-heading .elementor-heading-title[class*=elementor-size-]>a{color:inherit;font-size:inherit;line-height:inherit}.elementor-widget-heading .elementor-heading-title.elementor-size-small{font-size:15px}.elementor-widget-heading .elementor-heading-title.elementor-size-medium{font-size:19px}.elementor-widget-heading .elementor-heading-title.elementor-size-large{font-size:29px}.elementor-widget-heading .elementor-heading-title.elementor-size-xl{font-size:39px}.elementor-widget-heading .elementor-heading-title.elementor-size-xxl{font-size:59px}<\/style><h2 class=\"elementor-heading-title elementor-size-large\">FA\u00c7A SEU AUTOTESTE RECOMNEDADO PELA ACADEMIA EUROP\u00c9IA DE DISFUN\u00c7\u00c3O CRANOMANDIBULAR.<\/h2>\t\t<\/div>\n\t\t\t\t<\/div>\n\t\t\t\t\t<\/div>\n\t\t<\/div>\n\t\t\t\t\t\t\t<\/div>\n\t\t<\/section>\n\t\t\t\t<section class=\"elementor-section elementor-top-section elementor-element elementor-element-e21d2e4 elementor-section-boxed elementor-section-height-default elementor-section-height-default\" data-id=\"e21d2e4\" data-element_type=\"section\">\n\t\t\t\t\t\t<div class=\"elementor-container elementor-column-gap-default\">\n\t\t\t\t\t<div class=\"elementor-column elementor-col-100 elementor-top-column elementor-element elementor-element-86b0bc2\" data-id=\"86b0bc2\" data-element_type=\"column\">\n\t\t\t<div class=\"elementor-widget-wrap elementor-element-populated\">\n\t\t\t\t\t\t\t\t<div class=\"elementor-element elementor-element-3211e10 elementor-widget elementor-widget-text-editor\" data-id=\"3211e10\" data-element_type=\"widget\" data-widget_type=\"text-editor.default\">\n\t\t\t\t<div class=\"elementor-widget-container\">\n\t\t\t<style>\/*! elementor - v3.13.3 - 28-05-2023 *\/\n.elementor-widget-text-editor.elementor-drop-cap-view-stacked .elementor-drop-cap{background-color:#69727d;color:#fff}.elementor-widget-text-editor.elementor-drop-cap-view-framed .elementor-drop-cap{color:#69727d;border:3px solid;background-color:transparent}.elementor-widget-text-editor:not(.elementor-drop-cap-view-default) .elementor-drop-cap{margin-top:8px}.elementor-widget-text-editor:not(.elementor-drop-cap-view-default) .elementor-drop-cap-letter{width:1em;height:1em}.elementor-widget-text-editor .elementor-drop-cap{float:left;text-align:center;line-height:1;font-size:50px}.elementor-widget-text-editor .elementor-drop-cap-letter{display:inline-block}<\/style>\t\t\t\t<p>1- Tem dor quando abre a boca ou quando mastiga, uma vez por semana ou mais?<\/p><p>2- Tem dor na face, t\u00eamporas, articula\u00e7\u00e3o tempoeomandibular ou no maxilares, uma vez por semana ou mais?<\/p><p>3- J\u00e1 teve a mand\u00edbula presa ou travada de forma que n\u00e3o conseguisse abrir a boca completamente?<\/p><p>4- Tem dores na cabe\u00e7a mais do que uma vez na semana?<\/p>\t\t\t\t\t\t<\/div>\n\t\t\t\t<\/div>\n\t\t\t\t\t<\/div>\n\t\t<\/div>\n\t\t\t\t\t\t\t<\/div>\n\t\t<\/section>\n\t\t\t\t<section class=\"elementor-section elementor-top-section elementor-element elementor-element-72f5b52 elementor-section-boxed elementor-section-height-default elementor-section-height-default\" data-id=\"72f5b52\" data-element_type=\"section\">\n\t\t\t\t\t\t<div class=\"elementor-container elementor-column-gap-default\">\n\t\t\t\t\t<div class=\"elementor-column elementor-col-100 elementor-top-column elementor-element elementor-element-28b5c91\" data-id=\"28b5c91\" data-element_type=\"column\">\n\t\t\t<div class=\"elementor-widget-wrap elementor-element-populated\">\n\t\t\t\t\t\t\t\t<div class=\"elementor-element elementor-element-3e14813 elementor-widget elementor-widget-text-editor\" data-id=\"3e14813\" data-element_type=\"widget\" data-widget_type=\"text-editor.default\">\n\t\t\t\t<div class=\"elementor-widget-container\">\n\t\t\t\t\t\t\t<p>Se voc\u00ea responder Sim a qualquer uma dessas quest\u00f5es, provalvemente voc\u00ea tem DTM.<\/p><p>Clique no bot\u00e3o abaixo para marcar uma consulta.<\/p>\t\t\t\t\t\t<\/div>\n\t\t\t\t<\/div>\n\t\t\t\t<div class=\"elementor-element elementor-element-3a466c8 elementor-align-center elementor-widget elementor-widget-button\" data-id=\"3a466c8\" data-element_type=\"widget\" data-widget_type=\"button.default\">\n\t\t\t\t<div class=\"elementor-widget-container\">\n\t\t\t\t\t<div class=\"elementor-button-wrapper\">\n\t\t\t<a href=\"https:\/\/wa.me\/5567991685667?text=Consult%C3%B3rio%20Dr%20Caio%20Guimar%C3%A3es\" class=\"elementor-button-link elementor-button elementor-size-sm\" role=\"button\">\n\t\t\t\t\t\t<span class=\"elementor-button-content-wrapper\">\n\t\t\t\t\t\t<span class=\"elementor-button-text\">MARQUE SUA CONSULTA PELO WHATSAPP<\/span>\n\t\t<\/span>\n\t\t\t\t\t<\/a>\n\t\t<\/div>\n\t\t\t\t<\/div>\n\t\t\t\t<\/div>\n\t\t\t\t\t<\/div>\n\t\t<\/div>\n\t\t\t\t\t\t\t<\/div>\n\t\t<\/section>\n\t\t\t\t<section class=\"elementor-section elementor-top-section elementor-element elementor-element-7917cb8 elementor-section-boxed elementor-section-height-default elementor-section-height-default\" data-id=\"7917cb8\" data-element_type=\"section\">\n\t\t\t\t\t\t<div class=\"elementor-container elementor-column-gap-default\">\n\t\t\t\t\t<div class=\"elementor-column elementor-col-100 elementor-top-column elementor-element elementor-element-3e6fec2\" data-id=\"3e6fec2\" data-element_type=\"column\">\n\t\t\t<div class=\"elementor-widget-wrap elementor-element-populated\">\n\t\t\t\t\t\t\t\t<div class=\"elementor-element elementor-element-92afcad elementor-fixed elementor-invisible elementor-widget elementor-widget-image\" data-id=\"92afcad\" data-element_type=\"widget\" data-settings=\"{&quot;_position&quot;:&quot;fixed&quot;,&quot;_animation&quot;:&quot;zoomIn&quot;}\" data-widget_type=\"image.default\">\n\t\t\t\t<div class=\"elementor-widget-container\">\n\t\t\t<style>\/*! elementor - v3.13.3 - 28-05-2023 *\/\n.elementor-widget-image{text-align:center}.elementor-widget-image a{display:inline-block}.elementor-widget-image a img[src$=\".svg\"]{width:48px}.elementor-widget-image img{vertical-align:middle;display:inline-block}<\/style>\t\t\t\t\t\t\t\t\t\t\t\t\t<a href=\"https:\/\/wa.me\/5567991685667?text=Consult%C3%B3rio%20Dr%20Caio%20Guimar%C3%A3es\">\n\t\t\t\t\t\t\t<img decoding=\"async\" width=\"150\" height=\"150\" src=\"https:\/\/atmdourados.com.br\/wp-content\/uploads\/2023\/06\/vecteezy_whatsapp-logo-png-whatsapp-icon-png-whatsapp-transparent_18930746_603-150x150.png\" class=\"attachment-thumbnail size-thumbnail wp-image-723\" alt=\"\" loading=\"lazy\" srcset=\"https:\/\/atmdourados.com.br\/wp-content\/uploads\/2023\/06\/vecteezy_whatsapp-logo-png-whatsapp-icon-png-whatsapp-transparent_18930746_603-150x150.png 150w, https:\/\/atmdourados.com.br\/wp-content\/uploads\/2023\/06\/vecteezy_whatsapp-logo-png-whatsapp-icon-png-whatsapp-transparent_18930746_603-300x300.png 300w, https:\/\/atmdourados.com.br\/wp-content\/uploads\/2023\/06\/vecteezy_whatsapp-logo-png-whatsapp-icon-png-whatsapp-transparent_18930746_603-1024x1024.png 1024w, https:\/\/atmdourados.com.br\/wp-content\/uploads\/2023\/06\/vecteezy_whatsapp-logo-png-whatsapp-icon-png-whatsapp-transparent_18930746_603-768x768.png 768w, https:\/\/atmdourados.com.br\/wp-content\/uploads\/2023\/06\/vecteezy_whatsapp-logo-png-whatsapp-icon-png-whatsapp-transparent_18930746_603-1536x1536.png 1536w, https:\/\/atmdourados.com.br\/wp-content\/uploads\/2023\/06\/vecteezy_whatsapp-logo-png-whatsapp-icon-png-whatsapp-transparent_18930746_603-2048x2048.png 2048w\" sizes=\"(max-width: 150px) 100vw, 150px\" \/>\t\t\t\t\t\t\t\t<\/a>\n\t\t\t\t\t\t\t\t\t\t\t\t\t\t\t<\/div>\n\t\t\t\t<\/div>\n\t\t\t\t\t<\/div>\n\t\t<\/div>\n\t\t\t\t\t\t\t<\/div>\n\t\t<\/section>\n\t\t\t\t\t\t\t<\/div>\n\t\t","protected":false},"excerpt":{"rendered":"<p>FA\u00c7A SEU AUTOTESTE RECOMNEDADO PELA ACADEMIA EUROP\u00c9IA DE DISFUN\u00c7\u00c3O CRANOMANDIBULAR. 1- Tem dor quando abre a boca ou quando mastiga, uma vez por semana ou mais? 2- Tem dor na face, t\u00eamporas, articula\u00e7\u00e3o tempoeomandibular ou no maxilares, uma vez por semana ou mais? 3- J\u00e1 teve a mand\u00edbula presa ou travada de forma que n\u00e3o &hellip;<\/p>\n<p class=\"read-more\"> <a class=\"\" href=\"https:\/\/atmdourados.com.br\/?page_id=701\"> <span class=\"screen-reader-text\">Questinario de dor<\/span> Read More &raquo;<\/a><\/p>\n","protected":false},"author":2,"featured_media":0,"parent":0,"menu_order":0,"comment_status":"closed","ping_status":"closed","template":"","meta":{"site-sidebar-layout":"no-sidebar","site-content-layout":"page-builder","ast-global-header-display":"","ast-banner-title-visibility":"","ast-main-header-display":"","ast-hfb-above-header-display":"","ast-hfb-below-header-display":"","ast-hfb-mobile-header-display":"","site-post-title":"disabled","ast-breadcrumbs-content":"","ast-featured-img":"disabled","footer-sml-layout":"","theme-transparent-header-meta":"","adv-header-id-meta":"","stick-header-meta":"","header-above-stick-meta":"","header-main-stick-meta":"","header-below-stick-meta":""},"_links":{"self":[{"href":"https:\/\/atmdourados.com.br\/index.php?rest_route=\/wp\/v2\/pages\/701"}],"collection":[{"href":"https:\/\/atmdourados.com.br\/index.php?rest_route=\/wp\/v2\/pages"}],"about":[{"href":"https:\/\/atmdourados.com.br\/index.php?rest_route=\/wp\/v2\/types\/page"}],"author":[{"embeddable":true,"href":"https:\/\/atmdourados.com.br\/index.php?rest_route=\/wp\/v2\/users\/2"}],"replies":[{"embeddable":true,"href":"https:\/\/atmdourados.com.br\/index.php?rest_route=%2Fwp%2Fv2%2Fcomments&post=701"}],"version-history":[{"count":27,"href":"https:\/\/atmdourados.com.br\/index.php?rest_route=\/wp\/v2\/pages\/701\/revisions"}],"predecessor-version":[{"id":884,"href":"https:\/\/atmdourados.com.br\/index.php?rest_route=\/wp\/v2\/pages\/701\/revisions\/884"}],"wp:attachment":[{"href":"https:\/\/atmdourados.com.br\/index.php?rest_route=%2Fwp%2Fv2%2Fmedia&parent=701"}],"curies":[{"name":"wp","href":"https:\/\/api.w.org\/{rel}","templated":true}]}}